4783)/8. Is 2 + w/60 + (-4)/30 composite?
False
Let j(h) = -462*h + 55. Let q be j(-13). Let i = 13554 - q. Is i prime?
False
Let d = -1167 - -2786. Suppose -v + 4*g = 3*v - 1620, 0 = 3*g - 9. Let k = d - v. Is k prime?
False
Let u = 34605 + 66616. Is u a composite number?
False
Let b be 16/6*27/12. Let k be 6*2/(0 + b). Suppose y - 311 = k*r, -849 = -3*y - 4*r + 124. Is y composite?
True
Is ((-184)/(-32) - (2 + 4)) + (-575199)/(-12) a prime number?
True
Suppose 19*t + 116532 = 5*o, -5*o + 8*t + 116580 = 13*t. Is o prime?
False
Let x(z) = 7*z + 27. Let j be x(-15). Suppose -24*f = -19*f - 1835. Let q = f + j. Is q prime?
False
Let n(s) = 40 + 1142*s + 4264*s + 171. Is n(6) a prime number?
True
Let w = 2315 - 11504. Let o = 20846 + w. Is o a prime number?
True
Let m = 52 + -28. Suppose -m = -3*o - 3*o. Suppose -g + 36 = -3*l, g + 173 = o*g + 4*l. Is g composite?
True
Suppose -111 = -12*h - 39. Suppose h*l = -23*l + 92017. Is l prime?
False
Let j be (467*-2)/((-10)/15). Suppose 0 = 5*a + 3*n - j - 2036, 689 = a + n. Is a a prime number?
False
Let t = 104676 + -3749. Is t a composite number?
False
Suppose 3*s - 5*s = -144. Let y = s + 10. Let q = y + -17. Is q a composite number?
True
Let b(o) = 359*o**2 - o - 48*o**2 - 7 - 6*o + 2*o. Is b(-2) composite?
True
Let o = 57938 + 14325. Is o composite?
True
Suppose -3115 = -19*w + 4048. Suppose 0 = -k - 219 - w. Is k/8*(-2 + 0) composite?
False
Suppose -2*g - y + 2265 = 0, 0 = -0*g - 5*g + 5*y + 5640. Let m = -75 - -84. Suppose m*a - g = -4*a. Is a composite?
True
Suppose -15*y = -9*y - 30. Suppose 0 = y*z - 3 - 7. Suppose -2*h - 3*b = -838, b - 1257 = -h - z*h. Is h composite?
False
Suppose 35*k - 31*k = 14*x - 1916582, 0 = -2*x + 2*k + 273806. Is x prime?
True
Let u(g) = g**2 + 3*g + 9. Let c be u(4). Let v = c - 34. Suppose 5*b = 25, v*w - 3*b = -2*b + 1126. Is w prime?
False
Let s(a) = 2*a - 31. Suppose 3*n - 4*w - 42 = 0, 0 = n + w - 6*w - 3. Let y be s(n). Suppose 0 = 5*x - y*j - 1925 + 485, 2*x - 611 = -5*j. Is x prime?
True
Let c be (-3)/(-6) - (0 - 9/2). Let k(q) = -2*q**3 + 10*q**2 + 4*q - 17. Let s be k(c). Suppose 0 = 2*f + 5*m - 9660, -s*m - 4644 = -3*f + 9867. Is f composite?
True
Suppose 5*q = 6*q. Let b be (-6)/(-2) + q/13. Suppose b*f - 545 = -4*y, y - 181 = f - 2*f. Is f a composite number?
False
Suppose 0 = -5*y - 1 + 26. Let f(h) be the third derivative of 13*h**6/60 - h**5/30 - h**4/4 - 7*h**3/6 - 162*h**2. Is f(y) composite?
False
Suppose -45*r - 20*r = 16*r - 7404534. Is r prime?
False
Let q = -34 - -36. Suppose -20 = -5*g - 0, 0 = q*r + 3*g + 216. Is (15371/r)/(1/(-6)) prime?
True
Let j be 186*4 + (-28)/(-4) + -4. Is (666/(-27))/((-6)/j) a prime number?
False
Let r(q) = q**2 + 14*q - 12. Let h be r(-15). Suppose h*d - 5 = 10. Suppose 0*a - 3*i = 4*a - 14341, -i - d = 0. Is a a composite number?
True
Suppose 15147 = 3*o + t, -2*o + t + 10102 = 3*t. Let x = o + -2217. Is x composite?
True
Let o = -20 + 557. Let r be (o/9)/(7/(-84)). Let y = r - -2313. Is y a prime number?
True
Suppose 8 + 12 = -5*r, 2825 = 5*q - 5*r. Let l = q + 1174. Is l prime?
False
Let d = 21 + -21. Let s be 0 - (d + 3) - -3. Suppose -4*i + 6*c = 4*c - 348, -5*i + c + 441 = s. Is i a prime number?
True
Suppose 6*c = 686 - 56. Let p = c + -312. Is (-5 - -4)/(1 + 210/p) composite?
True
Let x(g) = 22097*g + 5336. Is x(33) a prime number?
True
Let i = 486 + 1917. Let v = i - 1523. Let w = -499 + v. Is w a prime number?
False
Let w(n) = -4*n - 10. Let f(u) = 6*u + 15. Let m(p) = 5*f(p) + 8*w(p). Let x be m(-5). Suppose -3*j + i = 2*i - 4111, 0 = x*j - 2*i - 6859. Is j composite?
True
Let l = 17 - 23. Let k(r) = 173*r - 7. Let q be k(l). Let n = -356 - q. Is n composite?
True
Suppose -z - 4*z = 5. Is 10 + (5 - 13) - 1655*z composite?
False
Suppose -243*g = -6002245 - 8231865 - 5271257. Is g a prime number?
False
Suppose 2*l + 57484 = 2*v, 128*v = 127*v - 4*l + 28737. Is v a composite number?
True
Let s(r) = 358*r**3 + 9*r**2 + r - 5. Let q be s(4). Let i = q + -15772. Is i a composite number?
False
Suppose 2*p - 5*r + 23 = -4, -3*p - 27 = -3*r. Is (0 - 5737)*(-1)/(-5 - p) composite?
False
Suppose 10*p = -9*p + 4745231. Is p composite?
False
Suppose -19*m - 30 = -34*m. Let n be 1458 + (-15)/6*6/5. Suppose n = 3*d + 2*c, -2390 = -4*d + m*c - 436. Is d a prime number?
True
Suppose 761*a - 777*a + 747705 = -6879511. Is a prime?
True
Suppose -66 = 126*s - 148*s. Suppose -1073 = -3*i + k, -s*k + 143 = 2*i - 576. Is i prime?
False
Let m(x) = -19*x + 12. Let g be m(-4). Suppose -4*y + 12 = 0, -4*y - g = 3*f - 1654. Suppose f = 2*w + 80. Is w composite?
True
Let r(t) = t**2 - 5. Let o(b) = 7520*b**2 + 3*b - 26. Let h(k) = o(k) - 5*r(k). Is h(1) composite?
False
Let s(n) = -218*n + 48. Let v be s(10). Let i = 10189 + v. Is i composite?
True
Let c be (8141 - -5) + (-15)/(-3). Suppose -32560 = -9*w + 5*w + 3*h, w = -2*h + c. Is w a prime number?
False
Let y(o) = -20*o**3 - 64*o**2 - 207*o + 37. Is y(-40) composite?
True
Suppose -4*b = -s + 17539, 5*s + 3*b - 26983 - 60781 = 0. Is s a composite number?
False
Let c(r) = r**3 + 32*r**2 + 16*r + 27. Let f = 100 - 120. Is c(f) composite?
False
Suppose 19*c = -3*c + 188562. Suppose 2*s + 3*j - 5714 = 0, -5*s = -8*s + 4*j + c. Is s prime?
True
Suppose 4*r = -217346 + 1345854. Is r prime?
True
Let s = -108 + 110. Suppose -4036 = -s*y + 200. Let x = -1349 + y. Is x a prime number?
True
Suppose 2*x - 2 = 4. Let d(b) = 17*b**2 + 6*b - 10. Is d(x) a composite number?
True
Let p = 331 - 310. Suppose p*k + 212329 = 34*k. Is k composite?
False
Let a(x) = 41*x - 29. Let f be a(1). Suppose f*b = 10891 + 35897. Is b a composite number?
True
Let o(h) = -5*h - 33. Let i be o(-9). Suppose -i*q = 15*q - 19899. Is q prime?
False
Suppose 23070 = 629*j - 624*j. Is -2 + j - (-20 + 11) a prime number?
True
Suppose -1452158 = -121*o + 29988659 - 2747240. Is o a prime number?
True
Suppose -3*q + 70 = -2*x, 0 = 5*q - x - 72 - 54. Suppose -5*b - 25494 = -q*b. Is b prime?
False
Suppose 0*b - 37816 = -8*b. Let n = b - 3330. Is n a composite number?
True
Let x(p) = p**2 + 29*p + 3. Let s be x(-29). Suppose 2*j - 4*i + 220 = 2066, -j + s*i + 923 = 0. Is j a composite number?
True
Suppose 0 = 29*s - 33*s - 2*k - 2, 5*k + 21 = -2*s. Let x(m) = 387*m + 41. Is x(s) prime?
False
Is (-10)/(-4) - 105720402/(-516) a prime number?
True
Suppose 141 = -c + 144. Suppose 5*h + f - 2*f - 16188 = 0, f = c*h - 9712. Suppose h = 11*o - 29443. Is o a prime number?
True
Let j be (-6)/(-2) + 1 + 8567. Suppose -f + 5*n = -7914, 2*f + 5*n = 7332 + j. Is f a composite number?
True
Let c be 3/(3/716) + 0. Suppose -16*b - 31*b + 51371 = 0. Let k = b - c. Is k a prime number?
False
Suppose -4 = -p, -2*z + 16*p - 13*p + 1690 = 0. Is z composite?
True
Suppose 10*y + 39416 = -3*y. Let v = -865 - y. Is v a prime number?
False
Suppose 86272 = -5*z - 3*n, -4*z + 0*z - 4*n = 69016. Let y = z - -27900. Is y composite?
True
Let p = 36 - 33. Suppose p*v + s - 2258 = -s, 0 = -2*v + 2*s + 1492. Let c = v - -127. Is c composite?
False
Let h(w) = -2*w**3 + 46*w**2 + 6. Let c be h(23). Suppose 10873 = c*j - 30953. Is j composite?
False
Let x = 12 + -13. Let n = 52 - x. Let z = n + -39. Is z prime?
False
Let o(l) be the second derivative of l**5/2 - 5*l**4/6 - l**3/6 - l**2/2 + 69*l. Is o(8) prime?
False
Let h be (60/(-8))/(-2 + 38/16). Let y be (-30)/h*(-70736)/(-6). Suppose -5*c = -9*c + y. Is c composite?
False
Suppose 5*v - 26 = 7*v. Let j(l) = 7*l**2 - 5*l - 20. Let f be j(v). Suppose -4*z + 2*u - 4*u = -2450, 2*z = -2*u + f. Is z a prime number?
False
Suppose -3*y = 4*s - 1977905, -51*s = -52*s + 5*y + 494436. Is s prime?
True
Let v = -63 - -66. Let p(r) = 60*r**3 - 9*r**2 - 2. Is p(v) prime?
False
Suppose 32768109 - 9823094 = 43*o. Is o prime?
False
Let d be ((-87)/58)/(-1*(-2)/(-4)). Suppose -4*h = 2*l - 20, 3*h - d*l + 0 + 3 = 0. Suppose 0*r + 3951 = h*m - 3*r, -3*m = -4*r - 3949. Is m a prime number?
True
Let m be 7 - 4 - (-2)/(4/(-170)). Let p = 92 + m. Is (-334)/(-10) - 4/p a prime number?
False
Suppose 4*k = 2*z + 737982, 3*k - 553532 = -14*z + 9*z. Is k prime?
False
Let p be ((-33)/(-22))/(3/(-10)). Suppose 25*k - 30*k + 15 = 0. Is p/(k + (-102)/33) a prime number?
False
Suppose -3*s = 3*i - 23682, 2*s - 25727 + 9944 = -3*i. Is s com